 = -6 - -4. What are the prime factors of (-15)/(-10)*(-8)/c?
2, 3
List the prime factors of 15/(-1)*1*(-10 + 9).
3, 5
Let q(n) = 6*n**2 + n - 2. Let b(z) = -z + 7. Let f be b(9). What are the prime factors of q(f)?
2, 5
Let b be -8 + (0 - -1)*-1. List the prime factors of (-177)/b + 4/(-6).
19
Let x = 16 + -6. Suppose 6 - 26 = -5*d. List the prime factors of (d/x)/((-5)/(-50)).
2
Let p(c) = 8*c + 1. Let a be p(-1). Suppose 5*g + 3*k - k = 7, 2 = -3*g + 5*k. Let l = g - a. What are the prime factors of l?
2
Suppose -3*d = -0*d - 300. Suppose 2*s + d = -790. What are the prime factors of (-4)/(-14) - s/35?
13
Suppose 5*p - 30 = -r, -p - 4*r = -5*p. Suppose -i + 1 + p = 0. What are the prime factors of ((-44)/i)/(6/(-9))?
11
Let h be (-36)/(-2)*1/3. What are the prime factors of (18/4)/(1/h)?
3
Let v(k) = 2*k**2 + 2*k + 1. Suppose 2 = -3*n + 2*m - 1, 3*n = -m - 3. Let g be v(n). Let p = 9 - g. What are the prime factors of p?
2
Let j = -177 - -125. Let s be ((-2)/(-1) + j)/(-2). Suppose -s - 11 = -4*y. What are the prime factors of y?
3
Let l(x) = -x**3 - x**2 - x + 2. Let g be ((-8)/12)/((-1)/(-12)). Let p = 6 + g. What are the prime factors of l(p)?
2
Let j(n) = -n**2 - 26*n + 3. What are the prime factors of j(-18)?
3, 7
Suppose -4*u + 75 = -249. What are the prime factors of u?
3
Let x(z) = z**2 - 4*z + 12. List the prime factors of x(5).
17
Let a be 1/(72/70 - 1). Suppose -2*d + 6 = -5*m + 54, -3*m = 5*d - a. What are the prime factors of m?
2, 5
Let j = 12 + -11. What are the prime factors of 3/(-2)*(-17 - j)?
3
Suppose a + 13 = -4*s, 0 = -0*s - s - 3*a - 17. Let i be -2 + (s - -2 - -5). Let w(f) = -f**3 + 2*f**2 + 4*f + 1. List the prime factors of w(i).
2
What are the prime factors of ((-116)/(-10))/((-3)/(-15))?
2, 29
Suppose -35 = -f + 20. What are the prime factors of f?
5, 11
Suppose o + 6 - 2 = 0. Let u be 2/o + 170/4. Let m = u - 30. List the prime factors of m.
2, 3
Suppose 0 = 2*d + 4*o - 3*o - 45, -3*o = -3*d + 72. List the prime factors of d.
23
Let y(a) = a + 1. Let w be y(-3). Let d(o) = -8*o + 2. Let k be d(w). Let t = k - 9. What are the prime factors of t?
3
Let g be 2*((-2)/4 - -2). Suppose -3*q = 2*n - 25, g*q - q - 4 = 5*n. What are the prime factors of q?
7
Let s(z) = 2*z - 22. Let o be s(9). List the prime factors of 15 + (o - 6/(-3)).
13
Let w = 350 - 237. List the prime factors of w.
113
Let v be 202/(-2) + (-1 - -1). What are the prime factors of v/(-6) - 1/(-6)?
17
Let u = 301 + -171. Suppose 4*s + s - u = 0. List the prime factors of s.
2, 13
Let y be (9/(-2))/(1/6). Let q be (-1)/4 - 354/24. Let s = q - y. List the prime factors of s.
2, 3
Suppose 6*a + 3*d = 2*a + 160, d = 0. What are the prime factors of a?
2, 5
Let i = 9 + 21. What are the prime factors of i*(5/(-3))/(-5)?
2, 5
Let z(s) = -s + 3. Let h(u) = 3*u - 12. Let a(o) = 2*h(o) + 9*z(o). Let n be (-10)/(-2)*6/(-10). What are the prime factors of a(n)?
2, 3
Let z = -1 + 13. Let a = 14 + z. What are the prime factors of a?
2, 13
Let f(z) = z**3. Let i be f(0). Suppose 0 = 5*a - i*a. Suppose a*v = -v + 2. List the prime factors of v.
2
Let m(x) = x**3 - 2*x**2 - 3*x + 3. Let w = -7 - -10. List the prime factors of m(w).
3
Suppose -183 = -5*s + 2*z, 3*s - 4*z + 0 = 107. List the prime factors of s.
37
Let u = 23 + -17. What are the prime factors of u?
2, 3
List the prime factors of 3/(-6)*(-2 - 552/2).
139
Let d(h) = h**2 + 6*h. Let y be d(-6). Suppose 7*r + 2*p = 4*r + 138, 0 = -4*r + 5*p + 207. Suppose 5*k + 3 - r = y. List the prime factors of k.
3
Let y(u) = 5*u + 27. List the prime factors of y(6).
3, 19
Let c(v) = v + 31. What are the prime factors of c(8)?
3, 13
List the prime factors of 2/5 - 312/(-20).
2
Let a(s) = s**3 + 6*s**2 + 2*s - 6. Suppose -1 + 2 = -w. Let q be ((-15)/6)/(w/(-2)). List the prime factors of a(q).
3
Suppose 276 = 3*d + d. Let x = d - 49. List the prime factors of x.
2, 5
Let l be (-8)/5*5/(-1). Let b(z) = z**3 - 9*z**2 + 7*z - 3. Let f be b(l). Let i = f + 24. List the prime factors of i.
13
Let w(b) = b**3 + b**2 - b - 6. Let s be 10/15 + (-7)/(-3). What are the prime factors of w(s)?
3
Suppose -3*f = 3 - 9. What are the prime factors of (-3 - (0 - f)) + 51?
2, 5
Suppose a = -0*v + 3*v + 5, 4*v + 2*a - 10 = 0. Let d(m) = 3 - 5*m + v - 4. List the prime factors of d(-2).
3
Suppose -2*f + 5*h = -30, -f - 3*f - 3*h = -8. Let w(o) = -3*o - o - 11*o**2 + 12*o**2. What are the prime factors of w(f)?
5
Suppose 0 = -a - 8 + 2. Let l = a - -8. Suppose l*r = -2*r + 20. What are the prime factors of r?
5
Let n(q) = q**3 + 19*q**2 - 3*q + 27. What are the prime factors of n(-19)?
2, 3, 7
Let l(w) be the first derivative of -2*w**2 + 18*w - 8. What are the prime factors of l(-8)?
2, 5
Suppose 2*o - 91 = -3*k, -5*k - 5*o + 251 = 91. List the prime factors of k.
3
Let f = -1 - -3. Let o(g) = 3*g**3 + g**2 - 2*g. List the prime factors of o(f).
2, 3
Let c(o) = -2 + o**3 + 3 + 2 + 6*o**2 + 4*o. Let i = -3 - -1. What are the prime factors of c(i)?
11
Suppose 691 = 7*l + 82. What are the prime factors of l?
3, 29
Let i be (-2318)/(-10) - 1/(-5). Let n = 78 - i. List the prime factors of n/(-10) + (-10)/25.
3, 5
Let q be 6/(-15) + (-16)/10. Let t be 14 - (3 - 2)*q. Suppose 0 = 3*d + 4 - t. List the prime factors of d.
2
Suppose 0 = -4*w + 16, a = 3*a - w + 10. Let i be (-10)/a*12/10. What are the prime factors of 1/i + 115/20?
2, 3
Let v = -52 + 63. List the prime factors of v.
11
List the prime factors of (-13)/(78/(-2280))*(-3)/(-6).
2, 5, 19
Let p be ((-327)/(-12))/(2/8). Suppose 4*r + 13 - p = 0. What are the prime factors of r?
2, 3
What are the prime factors of 22/(((-4)/6)/(-1))?
3, 11
Let v be (-1)/(8/(-6) + 1). Suppose -82 = -v*g - y, -10 = -0*y + 2*y. List the prime factors of g.
29
Let x(l) = -2*l + 0 + 7 - 21 + 0. List the prime factors of x(-11).
2
Suppose -21*l + 112 = -14*l. What are the prime factors of l?
2
Let x(k) = 4*k**2 - 7*k + 7. Suppose 0 = 7*f - 3*f - 20. Let c be x(f). Suppose 0 = -4*p - 8, -3*z - z + c = -4*p. List the prime factors of z.
2
Suppose -4*f - 8 - 6 = 2*q, 0 = 4*f. What are the prime factors of 1/q + (-408)/(-14)?
29
Let b(h) = h**2 - 6*h - 11. Let p be b(9). Let z = p + -10. What are the prime factors of (-15)/(-2)*z/5?
3
Let q(y) = -17*y + 2. List the prime factors of q(-14).
2, 3, 5
Let l = -9 - 11. Let q be (l/(-15))/((-2)/(-3)). Let c = q - -1. List the prime factors of c.
3
List the prime factors of (-2)/(-8) + (-243)/(-4).
61
Let g(a) = a**2 + 2. What are the prime factors of g(5)?
3
Suppose -3*m = -5*h + 191, 0*h + 3*h = -m + 123. Let q = -24 + h. List the prime factors of q.
2
Let g(x) = x**3 + 9*x**2 + 3*x - 4. What are the prime factors of g(-8)?
2, 3
Let t = 9 - 7. Let o(f) = f**3 - 2*f - 1. List the prime factors of o(t).
3
Suppose -4*r = -81 - 31. Let b = 17 - r. Let h = -5 - b. List the prime factors of h.
2, 3
Let s be (-4)/(-6)*21/14. Let n = s + 28. List the prime factors of n.
29
Suppose t = 5*g + 19, 0 = -0*g + 3*g. List the prime factors of t.
19
Suppose -2*g - 10 = 0, 5*o - 685 = -5*g + 10*g. What are the prime factors of o?
2, 3, 11
Let m(t) = t - 1. Suppose -2*r = -4*a - 24, -6*r + 28 = -r - 2*a. Let u be m(r). Suppose 9*q - 42 = 4*q + u*d, -3*q + 3*d = -24. List the prime factors of q.
3
Let f(i) = i**3 + 7*i**2 + 4*i. Let z be f(-6). Let c = -8 + z. List the prime factors of c.
2
Let q be (-12)/(-15) + 84/20. Suppose -4 = -2*m + m + 2*s, -2*m - 3*s = -15. Suppose q*v - 4 = m. List the prime factors of v.
2
Let z = 25 + -17. Let i = 4 - -11. Let j = i - z. What are the prime factors of j?
7
Suppose -1 = -t + 1. Let j(p) be the third derivative of -p**5/60 + p**4/6 + p**3/6 + p**2. List the prime factors of j(t).
5
Suppose -4*s = -3*i + 15, -3*i = s - 0*i - 15. Suppose s*p - p = -9. List the prime factors of p.
3
Let v(i) = -i**2 + 18*i + 2. What are the prime factors of v(17)?
19
Let n(a) = -a**2 - 4*a + 5. Let j be n(-4). Suppose -y + j - 2 = 0. Suppose -y*k + 6*k - 42 = 0. List the prime factors of k.
2, 7
Let i(z) = -z**3 - 3*z**2 - z + 3. Let g be i(-3). Let n(l) = -l**2 + 8*l - 8. List the prime factors of n(g).
2
Let z(k) = -k + 33. Let s(n) = -n**3 - 5*n**2 + 7*n + 6. Let a be s(-6). Let u be z(a). Suppose 4*t - u = t. What are the prime factors of t?
11
Suppose -4*m +